{"id":30,"date":"2026-03-31T04:25:35","date_gmt":"2026-03-31T04:25:35","guid":{"rendered":"https:\/\/197vip11.net\/?page_id=30"},"modified":"2026-03-31T06:37:44","modified_gmt":"2026-03-31T06:37:44","slug":"trang-chu","status":"publish","type":"page","link":"https:\/\/197vip11.net\/","title":{"rendered":"Trang ch\u1ee7"},"content":{"rendered":"\t<div class=\"img has-hover x md-x lg-x y md-y lg-y\" id=\"image_1516795775\">\n\t\t<a class=\"\" href=\"https:\/\/197vip11.net\/qc\/1\" target=\"_blank\" rel=\"noopener\" >\t\t\t\t\t\t<div class=\"img-inner dark\" >\n\t\t\t<img loading=\"lazy\" decoding=\"async\" width=\"1020\" height=\"300\" src=\"https:\/\/197vip11.net\/wp-content\/uploads\/2026\/03\/197vip-nap.avif\" class=\"attachment-original size-original\" alt=\"197vip11\" srcset=\"https:\/\/197vip11.net\/wp-content\/uploads\/2026\/03\/197vip-nap.avif 1020w, https:\/\/197vip11.net\/wp-content\/uploads\/2026\/03\/197vip-nap-300x88.avif 300w, https:\/\/197vip11.net\/wp-content\/uploads\/2026\/03\/197vip-nap-768x226.avif 768w\" sizes=\"auto, (max-width: 1020px) 100vw, 1020px\" \/>\t\t\t\t\t\t\n\t\t\t\t\t<\/div>\n\t\t\t\t\t\t<\/a>\t\t\n<style>\n#image_1516795775 {\n  width: 100%;\n}\n<\/style>\n\t<\/div>\n\t\n<div class=\"row\"  id=\"row-62516251\">\n\n\t<div id=\"col-687219616\" class=\"col small-12 large-12\"  >\n\t\t\t\t<div class=\"col-inner\"  >\n\t\t\t\n\t\t\t\n\t<div id=\"text-2937951913\" class=\"text\">\n\t\t\n<h1 style=\"text-align: center;\"><strong><span style=\"font-family: verdana, geneva, sans-serif;\"><a href=\"https:\/\/dating19788-66.197120389.vip\/\" target=\"_blank\" rel=\"noopener\">197VIP11<\/a> &#8211; Link truy c\u1eadp nh\u00e0 c\u00e1i 197.vip &#8211; Nh\u1eadn \u01b0u \u0111\u00e3i kh\u1ee7ng<\/span><\/strong><\/h1>\n<p><span style=\"font-family: verdana, geneva, sans-serif;\"><a href=\"https:\/\/197vip11.net\/\"><strong>197VIP11<\/strong> <\/a>l\u00e0 m\u1ed9t nh\u00e0 c\u00e1i uy t\u00edn v\u00e0 ch\u1ea5t l\u01b0\u1ee3ng v\u1edbi h\u1ec7 th\u1ed1ng b\u1ea3o m\u1eadt c\u00e1o v\u00e0 kho game gi\u1ea3i tr\u00ed b\u1ea5t t\u1eadn. T\u1ea1i \u0111\u00e2y, ng\u01b0\u1eddi ch\u01a1i tha h\u1ed3 tho\u1ea3i m\u00e1i tr\u1ea3i nghi\u1ec7m c\u00e1 c\u01b0\u1ee3c t\u1eeb nh\u1eefng t\u1ef1a game \u0111\u00ecnh \u0111\u00e1m nh\u01b0: th\u1ec3 thao, b\u1eafn c\u00e1, n\u1ed5 h\u1ee7, caisno&#8230;. \u0110\u1eb7c bi\u1ec7t 197vip lu\u00f4n c\u1eadp nh\u1eadp v\u00e0 d\u00e0nh t\u1eb7ng cho c\u00e1c th\u00e0nh vi\u00ean nh\u1eefng \u01b0u \u0111\u00e3i khuy\u1ebfn m\u00e3i c\u1ef1c hot cho c\u00e1c th\u00e0nh vi\u00ean m\u1edbi v\u00e0 ng\u01b0\u1eddi ch\u01a1i l\u00e2u n\u0103m. Quy tr\u00ednh ch\u1ec9nh chu t\u1eeb n\u1ea1p r\u00fat si\u00eau t\u1ed1c c\u00f9ng v\u1edbi d\u1ecbch v\u1ee5 ch\u0103m s\u00f3c kh\u00e1ch h\u00e0ng 24\/7 cam k\u1ebft mang l\u1ea1i cho ng\u01b0\u1eddi ch\u01a1i m\u1ed9t kh\u00f4ng gian gi\u1ea3i tr\u00ed c\u1ef1c h\u1ea5p d\u1eabn v\u00e0 an to\u00e0n tuy\u1ec7t \u0111\u1ed1i.<\/span><\/p>\n\t\t\n<style>\n#text-2937951913 {\n  color: rgb(0,0,0);\n}\n#text-2937951913 > * {\n  color: rgb(0,0,0);\n}\n<\/style>\n\t<\/div>\n\t\n<div class=\"row\"  id=\"row-1042858625\">\n\n\t<div id=\"col-1146084135\" class=\"col medium-6 small-12 large-6\"  >\n\t\t\t\t<div class=\"col-inner\"  >\n\t\t\t\n\t\t\t\n\t<div class=\"img has-hover x md-x lg-x y md-y lg-y\" id=\"image_1981237055\">\n\t\t\t\t\t\t\t\t<div class=\"img-inner dark\" >\n\t\t\t<img loading=\"lazy\" decoding=\"async\" width=\"1125\" height=\"1080\" src=\"https:\/\/197vip11.net\/wp-content\/uploads\/2026\/03\/TAI-APP-2.png\" class=\"attachment-original size-original\" alt=\"197vip11\" srcset=\"https:\/\/197vip11.net\/wp-content\/uploads\/2026\/03\/TAI-APP-2.png 1125w, https:\/\/197vip11.net\/wp-content\/uploads\/2026\/03\/TAI-APP-2-300x288.png 300w, https:\/\/197vip11.net\/wp-content\/uploads\/2026\/03\/TAI-APP-2-1024x983.png 1024w, https:\/\/197vip11.net\/wp-content\/uploads\/2026\/03\/TAI-APP-2-768x737.png 768w\" sizes=\"auto, (max-width: 1125px) 100vw, 1125px\" \/>\t\t\t\t\t\t\n\t\t\t\t\t<\/div>\n\t\t\t\t\t\t\t\t\n<style>\n#image_1981237055 {\n  width: 100%;\n}\n<\/style>\n\t<\/div>\n\t\n\t\t<\/div>\n\t\t\t\t\t<\/div>\n\n\t\n\n\t<div id=\"col-1406682168\" class=\"col medium-6 small-12 large-6\"  >\n\t\t\t\t<div class=\"col-inner\"  >\n\t\t\t\n\t\t\t\n\t<div id=\"gap-1632043735\" class=\"gap-element clearfix\" style=\"display:block; height:auto;\">\n\t\t\n<style>\n#gap-1632043735 {\n  padding-top: 80px;\n}\n<\/style>\n\t<\/div>\n\t\n\t<div class=\"img has-hover x md-x lg-x y md-y lg-y\" id=\"image_894274320\">\n\t\t\t\t\t\t\t\t<div class=\"img-inner dark\" >\n\t\t\t<img loading=\"lazy\" decoding=\"async\" width=\"700\" height=\"100\" src=\"https:\/\/197vip11.net\/wp-content\/uploads\/2026\/03\/Tair-APP-NGAY-1.gif\" class=\"attachment-original size-original\" alt=\"197vip11\" \/>\t\t\t\t\t\t\n\t\t\t\t\t<\/div>\n\t\t\t\t\t\t\t\t\n<style>\n#image_894274320 {\n  width: 100%;\n}\n<\/style>\n\t<\/div>\n\t\n\t<div id=\"text-1934153644\" class=\"text\">\n\t\t\n<p style=\"text-align: center;\"><strong>Mi\u00eau t\u1ea3 ng\u1eafn<\/strong><\/p>\n<div class=\"Y3BBE\" data-sfc-cp=\"\" data-sfc-root=\"c\" data-sfc-cb=\"\" data-hveid=\"CAEIAhAA\" data-complete=\"true\" data-processed=\"true\">197VIP11 l\u00e0 nh\u00e0 c\u00e1i uy t\u00edn s\u1ed1 1 v\u1edbi n\u1ec1n t\u1ea3ng c\u00f4ng ngh\u1ec7 ti\u00ean ti\u1ebfn v\u00e0 giao di\u1ec7n thu\u1ea7n Vi\u1ec7t 100%. T\u1ea1i \u0111\u00e2y, b\u1ea1n s\u1ebd \u0111\u01b0\u1ee3c tr\u1ea3i nghi\u1ec7m h\u1ec7 sinh th\u00e1i tr\u00f2 ch\u01a1i \u0111a d\u1ea1ng, minh b\u1ea1ch c\u00f9ng d\u1ecbch v\u1ee5 h\u1ed7 tr\u1ee3 24\/7 chuy\u00ean nghi\u1ec7p. 197VIP t\u1ef1 h\u00e0o l\u00e0 \u0111i\u1ec3m \u0111\u1ebfn an to\u00e0n v\u00e0 l\u00fd t\u01b0\u1edfng cho m\u1ecdi game th\u1ee7 Vi\u1ec7t.<\/div>\n\t\t\n<style>\n#text-1934153644 {\n  text-align: center;\n  color: rgb(0,0,0);\n}\n#text-1934153644 > * {\n  color: rgb(0,0,0);\n}\n<\/style>\n\t<\/div>\n\t\n<div class=\"row\"  id=\"row-1562705327\">\n\n\t<div id=\"col-894829483\" class=\"col medium-6 small-12 large-6\"  >\n\t\t\t\t<div class=\"col-inner text-center\"  >\n\t\t\t\n\t\t\t\n<a href=\"https:\/\/197vip11.net\/qc\/1\" target=\"_blank\" class=\"button primary button22\" rel=\"noopener\" style=\"border-radius:99px;\">\n\t\t<span>T\u1ea3i app<\/span>\n\t<\/a>\n\n\t\t<\/div>\n\t\t\t\t\t<\/div>\n\n\t\n\n\t<div id=\"col-1028171917\" class=\"col medium-6 small-12 large-6\"  >\n\t\t\t\t<div class=\"col-inner text-center\"  >\n\t\t\t\n\t\t\t\n<a href=\"https:\/\/197vip11.net\/qc\/1\" target=\"_blank\" class=\"button primary button22\" rel=\"noopener\" style=\"border-radius:99px;\">\n\t\t<span>Nh\u1eadn l\u00ec x\u00ec<\/span>\n\t<\/a>\n\n\t\t<\/div>\n\t\t\t\t\t<\/div>\n\n\t\n<\/div>\n\t\t<\/div>\n\t\t\t\t\t<\/div>\n\n\t\n<\/div>\n<div class=\"row\"  id=\"row-1364502620\">\n\n\t<div id=\"col-378988252\" class=\"col medium-4 small-12 large-4\"  >\n\t\t\t\t<div class=\"col-inner\"  >\n\t\t\t\n\t\t\t\n\t<div class=\"box has-hover   has-hover box-text-bottom\" >\n\n\t\t<div class=\"box-image\" >\n\t\t\t\t\t\t<div class=\"\" >\n\t\t\t\t<img loading=\"lazy\" decoding=\"async\" width=\"710\" height=\"320\" src=\"https:\/\/197vip11.net\/wp-content\/uploads\/2026\/03\/197vip-lx.avif\" class=\"attachment- size-\" alt=\"197vip11\" srcset=\"https:\/\/197vip11.net\/wp-content\/uploads\/2026\/03\/197vip-lx.avif 710w, https:\/\/197vip11.net\/wp-content\/uploads\/2026\/03\/197vip-lx-300x135.avif 300w\" sizes=\"auto, (max-width: 710px) 100vw, 710px\" \/>\t\t\t\t\t\t\t\t\t\t\t<\/div>\n\t\t\t\t\t<\/div>\n\n\t\t<div class=\"box-text text-center\" >\n\t\t\t<div class=\"box-text-inner\">\n\t\t\t\t\n\t<div id=\"text-3189634836\" class=\"text\">\n\t\t\n<h2 style=\"text-align: center;\"><span style=\"font-family: verdana, geneva, sans-serif;\"><strong class=\"Yjhzub\" data-sfc-root=\"c\" data-sfc-cb=\"\" data-complete=\"true\" data-processed=\"true\">\u0110\u0103ng k\u00fd\/\u0110\u0103ng nh\u1eadp 197VIP11<\/strong><\/span><\/h2>\n<p style=\"text-align: center;\"><span style=\"font-family: verdana, geneva, sans-serif;\">Nhanh ch\u00f3ng \u2013 B\u1ea3o m\u1eadt \u2013 Ti\u1ec7n l\u1ee3i. Tham gia ngay \u0111\u1ec3 t\u1eadn h\u01b0\u1edfng th\u1ebf gi\u1edbi c\u00e1 c\u01b0\u1ee3c chuy\u00ean nghi\u1ec7p v\u00e0 nh\u1eadn c\u01a1n m\u01b0a khuy\u1ebfn m\u00e3i d\u00e0nh ri\u00eang cho th\u00e0nh vi\u00ean m\u1edbi!<\/span><\/p>\n\t\t\n<style>\n#text-3189634836 {\n  color: rgb(0,0,0);\n}\n#text-3189634836 > * {\n  color: rgb(0,0,0);\n}\n<\/style>\n\t<\/div>\n\t\n\t\t\t<\/div>\n\t\t<\/div>\n\t<\/div>\n\t\n\t\t<\/div>\n\t\t\t\t\t<\/div>\n\n\t\n\n\t<div id=\"col-203695560\" class=\"col medium-4 small-12 large-4\"  >\n\t\t\t\t<div class=\"col-inner\"  >\n\t\t\t\n\t\t\t\n\t<div class=\"box has-hover   has-hover box-text-bottom\" >\n\n\t\t<div class=\"box-image\" >\n\t\t\t\t\t\t<div class=\"\" >\n\t\t\t\t<img loading=\"lazy\" decoding=\"async\" width=\"710\" height=\"320\" src=\"https:\/\/197vip11.net\/wp-content\/uploads\/2026\/03\/197vip-napdau.avif\" class=\"attachment- size-\" alt=\"197vip11\" srcset=\"https:\/\/197vip11.net\/wp-content\/uploads\/2026\/03\/197vip-napdau.avif 710w, https:\/\/197vip11.net\/wp-content\/uploads\/2026\/03\/197vip-napdau-300x135.avif 300w\" sizes=\"auto, (max-width: 710px) 100vw, 710px\" \/>\t\t\t\t\t\t\t\t\t\t\t<\/div>\n\t\t\t\t\t<\/div>\n\n\t\t<div class=\"box-text text-center\" >\n\t\t\t<div class=\"box-text-inner\">\n\t\t\t\t\n\t<div id=\"text-3233384596\" class=\"text\">\n\t\t\n<h2 class=\"Y3BBE\" data-sfc-root=\"c\" data-hveid=\"CAEIARAA\" data-complete=\"true\" data-processed=\"true\"><span style=\"font-family: verdana, geneva, sans-serif;\"><strong>Thanh To\u00e1n N\u1ea1p\/R\u00fat Si\u00eau T\u1ed1c<\/strong><\/span><\/h2>\n<div class=\"Y3BBE\" data-sfc-cp=\"\" data-sfc-root=\"c\" data-sfc-cb=\"\" data-hveid=\"CAEIARAA\" data-complete=\"true\" data-processed=\"true\"><span style=\"font-family: verdana, geneva, sans-serif;\">197vip11 \u0111\u01b0\u1ee3c \u0111\u00e1nh gi\u00e1 cao nh\u1edd t\u1ed1c \u0111\u1ed9 x\u1eed l\u00fd \u201cth\u1ea7n t\u1ed1c\u201d v\u00e0 t\u00ednh b\u1ea3o m\u1eadt tuy\u1ec7t \u0111\u1ed1i. Ng\u01b0\u1eddi ch\u01a1i c\u00f3 th\u1ec3 linh ho\u1ea1t giao d\u1ecbch qua nhi\u1ec1u k\u00eanh nh\u01b0 ng\u00e2n h\u00e0ng n\u1ed9i \u0111\u1ecba, v\u00ed \u0111i\u1ec7n t\u1eed ho\u1eb7c th\u1ebb c\u00e0o v\u1edbi th\u1ee7 t\u1ee5c c\u1ef1c k\u1ef3 \u0111\u01a1n gi\u1ea3n.<\/span><\/div>\n\t\t\n<style>\n#text-3233384596 {\n  color: rgb(0,0,0);\n}\n#text-3233384596 > * {\n  color: rgb(0,0,0);\n}\n<\/style>\n\t<\/div>\n\t\n\t\t\t<\/div>\n\t\t<\/div>\n\t<\/div>\n\t\n\t\t<\/div>\n\t\t\t\t\t<\/div>\n\n\t\n\n\t<div id=\"col-296377501\" class=\"col medium-4 small-12 large-4\"  >\n\t\t\t\t<div class=\"col-inner\"  >\n\t\t\t\n\t\t\t\n\t<div class=\"box has-hover   has-hover box-text-bottom\" >\n\n\t\t<div class=\"box-image\" >\n\t\t\t\t\t\t<div class=\"\" >\n\t\t\t\t<img loading=\"lazy\" decoding=\"async\" width=\"710\" height=\"320\" src=\"https:\/\/197vip11.net\/wp-content\/uploads\/2026\/03\/197vip-vip.avif\" class=\"attachment- size-\" alt=\"\" srcset=\"https:\/\/197vip11.net\/wp-content\/uploads\/2026\/03\/197vip-vip.avif 710w, https:\/\/197vip11.net\/wp-content\/uploads\/2026\/03\/197vip-vip-300x135.avif 300w\" sizes=\"auto, (max-width: 710px) 100vw, 710px\" \/>\t\t\t\t\t\t\t\t\t\t\t<\/div>\n\t\t\t\t\t<\/div>\n\n\t\t<div class=\"box-text text-center\" >\n\t\t\t<div class=\"box-text-inner\">\n\t\t\t\t\n\t<div id=\"text-3537210741\" class=\"text\">\n\t\t\n<h2><span style=\"font-family: verdana, geneva, sans-serif;\"><strong class=\"Yjhzub\" data-sfc-root=\"c\" data-sfc-cb=\"\" data-complete=\"true\" data-processed=\"true\">Khuy\u1ebfn M\u00e3i Si\u00eau H\u1ea5p D\u1eabn T\u1ea1i 197VIP11<\/strong><\/span><\/h2>\n<p><span style=\"font-family: verdana, geneva, sans-serif;\">T\u1eadn h\u01b0\u1edfng \u01b0u \u0111\u00e3i n\u1ea1p \u0111\u1ea7u\u00a0<strong class=\"Yjhzub\" data-sfc-root=\"c\" data-sfc-cb=\"\" data-complete=\"true\" data-processed=\"true\">200%<\/strong>, ho\u00e0n tr\u1ea3 m\u1ed7i ng\u00e0y c\u1ef1c cao v\u00e0 ng\u00e0n qu\u00e0 t\u1eb7ng s\u1ef1 ki\u1ec7n \u0111\u1ed9c quy\u1ec1n. \u0110\u1eebng b\u1ecf l\u1ee1 c\u01a1 h\u1ed9i \u201cv\u1ed1n \u00edt l\u1eddi nhi\u1ec1u\u201d, gia nh\u1eadp ngay c\u1ed5ng game 197vip\u00a0\u0111\u1ec3 nh\u1eadn th\u01b0\u1edfng ngay h\u00f4m nay<\/span><\/p>\n\t\t\n<style>\n#text-3537210741 {\n  color: rgb(0,0,0);\n}\n#text-3537210741 > * {\n  color: rgb(0,0,0);\n}\n<\/style>\n\t<\/div>\n\t\n\t\t\t<\/div>\n\t\t<\/div>\n\t<\/div>\n\t\n\t\t<\/div>\n\t\t\t\t\t<\/div>\n\n\t\n<\/div>\n\t\t<\/div>\n\t\t\t\t\t<\/div>\n\n\t\n<\/div>\n","protected":false},"excerpt":{"rendered":"","protected":false},"author":1,"featured_media":6,"parent":0,"menu_order":0,"comment_status":"closed","ping_status":"closed","template":"","meta":{"footnotes":""},"class_list":["post-30","page","type-page","status-publish","has-post-thumbnail","hentry"],"_links":{"self":[{"href":"https:\/\/197vip11.net\/index.php?rest_route=\/wp\/v2\/pages\/30","targetHints":{"allow":["GET"]}}],"collection":[{"href":"https:\/\/197vip11.net\/index.php?rest_route=\/wp\/v2\/pages"}],"about":[{"href":"https:\/\/197vip11.net\/index.php?rest_route=\/wp\/v2\/types\/page"}],"author":[{"embeddable":true,"href":"https:\/\/197vip11.net\/index.php?rest_route=\/wp\/v2\/users\/1"}],"replies":[{"embeddable":true,"href":"https:\/\/197vip11.net\/index.php?rest_route=%2Fwp%2Fv2%2Fcomments&post=30"}],"version-history":[{"count":6,"href":"https:\/\/197vip11.net\/index.php?rest_route=\/wp\/v2\/pages\/30\/revisions"}],"predecessor-version":[{"id":52,"href":"https:\/\/197vip11.net\/index.php?rest_route=\/wp\/v2\/pages\/30\/revisions\/52"}],"wp:featuredmedia":[{"embeddable":true,"href":"https:\/\/197vip11.net\/index.php?rest_route=\/wp\/v2\/media\/6"}],"wp:attachment":[{"href":"https:\/\/197vip11.net\/index.php?rest_route=%2Fwp%2Fv2%2Fmedia&parent=30"}],"curies":[{"name":"wp","href":"https:\/\/api.w.org\/{rel}","templated":true}]}}